{"id":43,"date":"2020-06-17T15:35:37","date_gmt":"2020-06-17T15:35:37","guid":{"rendered":"http:\/\/capitalcontabilidade.net.br\/?page_id=43"},"modified":"2020-07-16T17:37:09","modified_gmt":"2020-07-16T17:37:09","slug":"sobre-nos","status":"publish","type":"page","link":"https:\/\/capitalcontabilidade.net.br\/index.php\/sobre-nos\/","title":{"rendered":"SOBRE N\u00d3S"},"content":{"rendered":"<div class=\"container section-title-container\" ><h3 class=\"section-title section-title-center\"><b><\/b><span class=\"section-title-main\" >um pouco sobre n\u00f3s!<\/span><b><\/b><\/h3><\/div><!-- .section-title -->\n<div class=\"is-divider divider clearfix\" style=\"max-width:0px;\"><\/div><!-- .divider -->\n<div class=\"row\"  id=\"row-1715359481\">\n<div class=\"col medium-6 small-12 large-6\"  ><div class=\"col-inner\"  >\n<div class=\"mod-item\">\n<p>A Capital Contabilidade atua em Cuiab\u00e1 na \u00e1rea de assessoria cont\u00e1bil para pequenas, m\u00e9dias e grandes empresas. Independente da \u00e1rea que voc\u00ea atua \u00e9 necess\u00e1rio ter uma assessoria cont\u00e1bil, a contabilidade \u00e9 essencial para o sucesso da sua organiza\u00e7\u00e3o. N\u00f3s somos um departamento da sua empresa e se voc\u00ea deseja terceirizar a sua contabilidade, n\u00f3s oferecemos todo suporte que sua empresa precisa.\u00a0<\/p>\n<p>A Capital Contabilidade \u00e9 devidamente inscrita no CNPJ Sob o n\u00ba 08.623.510\/0001-27, possui sede pr\u00f3pria, devidamente registrada na Prefeitura Municipal de Cuiab\u00e1 sob o CM 95256 e est\u00e1 devidamente registrada no CRC\/MT sob o n\u00ba 803\/O-6, temos tamb\u00e9m o Cadastro Jur\u00eddico na SEFAZ\/MT para prestar os servi\u00e7os solicitados e que os s\u00f3cios est\u00e3o devidamente registrados no CRC\/MT, ambos com Certid\u00f5es Negativas de Regularidade Profissional.<\/p>\n<p>Dispomos de todos os recursos tecnol\u00f3gicos exigidos no contrato e espa\u00e7o apropriado.\u00a0Temos em nosso quadro de colaboradores pessoal altamente qualificado para a execu\u00e7\u00e3o dos servi\u00e7os<\/p>\n<\/div>\n<\/div><\/div>\n<div class=\"col medium-6 small-12 large-6\"  ><div class=\"col-inner\"  >\n\t<div class=\"img has-hover x md-x lg-x y md-y lg-y\" id=\"image_1473877287\">\n\t\t\t\t\t\t\t\t<div class=\"img-inner image-zoom dark\" >\n\t\t\t<img loading=\"lazy\" decoding=\"async\" width=\"500\" height=\"333\" src=\"https:\/\/capitalcontabilidade.net.br\/wp-content\/uploads\/2020\/07\/cuiaba.jpg\" class=\"attachment-original size-original\" alt=\"\" srcset=\"https:\/\/capitalcontabilidade.net.br\/wp-content\/uploads\/2020\/07\/cuiaba.jpg 500w, https:\/\/capitalcontabilidade.net.br\/wp-content\/uploads\/2020\/07\/cuiaba-300x200.jpg 300w\" sizes=\"auto, (max-width: 500px) 100vw, 500px\" \/>\t\t\t\t\t\t\n\t\t\t\t\t<\/div>\n\t\t\t\t\t\t\t\t\n<style scope=\"scope\">\n\n#image_1473877287 {\n  width: 81%;\n}\n<\/style>\n\t<\/div>\n\t\n<\/div><\/div>\n<\/div>\n","protected":false},"excerpt":{"rendered":"","protected":false},"author":1,"featured_media":0,"parent":0,"menu_order":0,"comment_status":"closed","ping_status":"closed","template":"","meta":{"footnotes":""},"class_list":["post-43","page","type-page","status-publish","hentry"],"_links":{"self":[{"href":"https:\/\/capitalcontabilidade.net.br\/index.php\/wp-json\/wp\/v2\/pages\/43","targetHints":{"allow":["GET"]}}],"collection":[{"href":"https:\/\/capitalcontabilidade.net.br\/index.php\/wp-json\/wp\/v2\/pages"}],"about":[{"href":"https:\/\/capitalcontabilidade.net.br\/index.php\/wp-json\/wp\/v2\/types\/page"}],"author":[{"embeddable":true,"href":"https:\/\/capitalcontabilidade.net.br\/index.php\/wp-json\/wp\/v2\/users\/1"}],"replies":[{"embeddable":true,"href":"https:\/\/capitalcontabilidade.net.br\/index.php\/wp-json\/wp\/v2\/comments?post=43"}],"version-history":[{"count":11,"href":"https:\/\/capitalcontabilidade.net.br\/index.php\/wp-json\/wp\/v2\/pages\/43\/revisions"}],"predecessor-version":[{"id":215,"href":"https:\/\/capitalcontabilidade.net.br\/index.php\/wp-json\/wp\/v2\/pages\/43\/revisions\/215"}],"wp:attachment":[{"href":"https:\/\/capitalcontabilidade.net.br\/index.php\/wp-json\/wp\/v2\/media?parent=43"}],"curies":[{"name":"wp","href":"https:\/\/api.w.org\/{rel}","templated":true}]}}